+ -9 - (-3 - -2)?
-1
Evaluate 7 + 0 - (6 + -7 - -12).
-4
What is 1 + 2 + (-5 + 0 - 1)?
-3
What is 0 + -4 + (-2 - (4 + -13))?
3
What is the value of 1 + (6 - 3 - (7 + -10))?
7
Calculate 5 + (-4 - 1 - 1) - 1.
-2
What is -1 - (5 + 0 + 0 + -1)?
-5
What is the value of -2 + 2 - (-1 + 5)?
-4
Evaluate 2 + 5 + (-17 - -5).
-5
3 - (5 + 2) - (-11 + 13)
-6
What is -3 - (5 + (-11 - -2)) - 3?
-2
What is the value of -5 + (16 - -1) + -11?
1
Evaluate 7 + (-4 - -1) + -3.
1
Calculate -10 + 4 + 1 + 1.
-4
Calculate -9 + 30 - 8 - 8.
5
Calculate 2 - ((5 + -8 - -7) + 4).
-6
-22 - -14 - -7 - -4
3
What is 8 + -5 + -6 - (-2 + 1)?
-2
What is 4 + (-5 - 2) + 5 + -3?
-1
What is 2 - (2 + -2 - -1) - 8?
-7
Evaluate -1 + -3 - (-6 - (0 - 2)).
0
0 - -10 - (-119 + 131)
-2
What is -1 - -2 - (14 - (-6 + 17))?
-2
Evaluate 0 + 2 + -3 - (2 + -2).
-1
What is -9 + (5 - 1) - -6 - -1?
2
What is 9 + -4 + 0 + 0 + -4?
1
What is -14 + 1 - -4 - -3?
-6
-7 - -4 - (-7 - (4 + -13))
-5
Evaluate -6 + -1 - -4 - -4.
1
-6 - ((-2 - 2) + 0) - -3
1
Calculate 2 - (-2 - 3 - -2).
5
Calculate 3 + (3 - (5 + -2)) - 2.
1
What is the value of 0 + 2 + (-15 - -17)?
4
Calculate 2 + (3 - ((4 - 3) + -2)).
6
Evaluate (-1 + 6 - (4 + -5)) + 1.
7
Calculate 3 + (4 - (2 - -3)).
2
Calculate 5 + (1 - 1) + 3 + -6.
2
(13 + 0 - 9) + -4
0
What is -3 + (0 - -5 - (-27 + 29))?
0
Calculate (12 - -1) + -6 + -9.
-2
12 - (6 - (-9 + -5))
-8
What is (1 - 8) + 8 + -3?
-2
What is the value of 1 + -2 + -3 + 7?
3
Evaluate 2 + (-12 + 7 - -7).
4
Calculate 7 + -1 + (-11 - -1) + 5.
1
What is 1 + (-2 + -5 - -4) + -2?
-4
What is the value of 2 - (-7 - (-4 + 4))?
9
19 + -12 + (3 + -8 - -5)
7
Evaluate (0 - -4) + (-12 - -4).
-4
What is 9 + 4 + -25 + 6?
-6
Evaluate -2 + 4 + (0 - -2) + -6.
-2
What is 2 - (-1 + 4 + 4 - 3)?
-2
Evaluate 8 + (7 + -6 - 6).
3
(74 - 75) + -3 + 1
-3
What is the value of 1 + -6 - (-16 + -8 + 20)?
-1
What is -3 - (-2 + (-1 - -3) - 4)?
1
Calculate -4 + 1 + (4 + -2 - -1).
0
What is the value of -3 + (-2 - -2) + -18 + 21?
0
-10 + -1 - (-45 - -36)
-2
What is the value of -6 - (-14 + 0 + -5 + 13)?
0
Calculate 71 + -68 - (0 - -8).
-5
-2 - (0 + 4) - (2 + 1)
-9
What is 3 + -1 + 4 - 12?
-6
Evaluate -11 - -13 - (-1 - -4).
-1
(14 - 23) + (5 - 3)
-7
What is the value of 1 + (11 - 1 - 6)?
5
What is 5 + (5 - 10 - -6)?
6
(0 - ((1 - 3) + -6)) + 1
9
What is (1 - (-2 + 6)) + 4?
1
5 - (-2 - (4 - 10)) - -7
8
Calculate -2 - (-1 - (-2 + 6)).
3
0 - (6 + -3) - 1
-4
Calculate -1 - ((-2 - 2) + 4).
-1
-3 + (8 + (0 - 4) - -3)
4
What is the value of 3 - (-6 + 0) - 8?
1
Evaluate -7 + 1 + 3 - -3.
0
(1 - 10) + (-2 - -19)
8
48 + -46 - (-1 - -1) - 4
-2
Calculate 0 + 4 + 3 - (11 - 1).
-3
What is (0 - 0) + (0 - (1 + 3))?
-4
Calculate 16 - (19 - 9) - (2 - -1).
3
What is the value of -9 - (-8 + -4 + 6)?
-3
Calculate 0 - (-3 - (-4 + 8)).
7
Evaluate -4 + 7 + -2 - (7 + -2).
-4
Calculate 8 + -12 - (1 + (0 - 3)).
-2
Evaluate -1 + (5 - 3) - -1.
2
Evaluate -12 + (3 - (1 + -1)) + 3.
-6
Evaluate (-6 - 0) + 2 + 3.
-1
What is the value of 10 + (-5 - -1) + -8?
-2
Calculate 1 + (0 - (-4 + 0)).
5
-4 - (-6 + (-7 - -5))
4
1 - 3 - (6 - 3)
-5
Calculate -5 + 8 - (0 - -7).
-4
4 - (4 - (-1 + 2 - -3))
4
Calculate (1 - 5) + (4 - (1 - -3)).
-4
Evaluate (1 + -3 - (3 + 1)) + 4.
-2
Calculate 2 + (-6 - (-5 - 0)).
1
Evaluate (4 - -1 - 12) + 2.
-5
3 + (-3 - -2) - -5 - 4
3
Calculate 10 + 2 + -8 - 0.
4
What is the value of -8 + 22 + -2 + -4?
8
(5 - -3) + -1 + (3 - 1)
9
Calculate (5 - (-1 - -2)) + -6.
-2
What is 3 + 1 + -4 + 2?
2
-6 + (3 - 6) + 4
-5
Calculate 0 + -2 - (5 + -8) - 3.
-2
Evaluate 4 + -5 - -2 - 2 - 2.
-3
What is -36 + 33 + (2 - 0)?
-1
What is (4 - 13 - 2) + 4?
-7
Evaluate 2 + (-1 - -3) + -8 + 3.
-1
9 + (1 - (5 - 0))
5
What is (0 - 3) + -9 + 12?
0
Calculate -2 - (16 - 5 - 7).
-6
What is -2 - (0 - -2) - (-1 + 0)?
-3
What is -1 - (7 - (-5 + 16))?
3
Calculate 3 + (0 - ((3 - 5) + 5)).
0
Calculate -6 - (-4 - (12 - 7)).
3
Evaluate -6 - 0 - ((-4 - 9) + 11).
-4
What is -3 + 1 + -2 + -1 + 3?
-2
What is the value of 4 - (-4 - -2 - (-2 + -1))?
3
Calculate -9 + (2 - -2) - (-2 - 0).
-3
What is the value of 5 - (-7 - -12 - (7 - 0))?
7
What is the value of -6 + -1 + (7 - 5)?
-5
Calculate -4 + -1 + 6 - -1.
2
Evaluate 3 + 5 + (-6 - (-8 + 1)).
9
Evaluate -2 + -2 - (-9 + 2).
3
Calculate 3 - (13 - 5 - 4 - -3).
-4
(2 - 1) + 2 - (6 - 0)
-3
0 + 4 + (-4 - -4)
4
What is the value of (4 - (-2 - 6)) + -5?
7
Evaluate (8 - (3 - -1)) + -6.
-2
What is 2 - (1 - 2 - (1 - 4))?
0
What is the value of -6 + 9 + -10 + 11?
4
Calculate 8 + -12 - -13 - 4.
5
What is the value of 2 + -4 - -7 - 10?
-5
What is (6 - 12) + 6 - (-2 - -3)?
-1
(-3 - -11) + -3 + (-14 - -4)
-5
(-3 - (-9 - -7)) + 3 + 2
4
Calculate (2 - 3 - 1) + (-18 - -26).
6
What is the value of -5 - (-3 + -1) - -5?
4
What is the value of 3 - (-2 + 3 + 1 - -6)?
-5
What is -1 + 3 - 2 - (2 - -2)?
-4
What is the value of -12 + -1 - (9 - 20)?
-2
-7 + (9 - -3) + -9
-4
Calculate -7 + (4 - (6 - 4)).
-5
(-1 - (1 + -2)) + -3 + 0
-3
Evaluate -4 + (3 - (-7 - -3)).
3
3 - (5 + -1 + -5)
4
Evaluate (-3 - 5) + 7 + -4.
-5
8 + -12 + -1 + 3 + -4
-6
What is 1 - (0 + 2 - 4)?
3
Evaluate (2 - (0 + (4 - 5))) + 2.
5
What is -6 + (6 + 0 - 8) + 5?
-3
What is 4 + -7 - (1 + -3 - -1)?
-2
Evaluate -9 - 1 - -7 - (-2 - -4).
-5
Calculate -3 - (-4 + 4 + -1).
-2
Calculate -1 + 1 - (15 + -14).
-1
Evaluate -4 + -2 - (3 + -5 + -6).
2
Evaluate -2 - (0 + -4 - 2).
4
What is the value of 4 - (3 + -3) - 2?
2
What is the value of 2 + (-4 - (-6 + -1 - -2))?
3
What is the value of -13 + 28 + -17 + 4 + 0?
2
(-5 - (0 - 7)) + -7
-5
What is 13 - (-2 + 7 + -4 + 6)?
6
Calculate 4 + -3 + -4 + 8.
5
What is the value of 5 - (-1 - -3) - (-11 - -9)?
5
What is the value of -1 + 2 - 6 - 0?
-5
Calculate 9 + -16 - (0 - (5 - -8)).
6
Calculate -2 - (-2 + 3 - -2).
-5
What is the value of (1 - -4 - 3) + 12 + -18?
-4
What is the value of -1 + 1 + (-1 - 1) + -3?
-5
Evaluate -5 - (-6 - (-2 + -1 - -3)).
1
What is the value of 8 + (2 - (0 + 5))?
5
What is (-1 + -13 - -5) + 4?
-5
What is the value of -2 + 0 - ((-4 - 4) + 3)?
3
What is -4 + 4 - 3 - 0?
-3
Calculate 0 + (-1 - -4 - (1 - -1)).
1
What is the value of -4 + (2 - 2) - 1?
-5
38 - 48 - (3 - 1 - 6)
-6
Evaluate 0 - (5 - 1) - (-11 + 8).
-1
Calculate 5 + (-2 - (0 - -5)).
-2
What is the value of -6 - (4 + 3 + -11)?
-2
-2 - (3 - (4 - -3))
2
What is the value of -5 + 7 - (-9 - -6)?
5
Evaluate 3 - (7 - (1 + -2 + 3)).
-2
Calculate 2 - (0 - -9) - (-10 - -8).
-5
What is -2 + (4 - 3) - 4?
-5
0 + 8 - (-2 + 5)
5
-1 - (-8 + 11 + -8)
4
-12 + 0 + (-3 - -5) + 0
-10
What is 3 + -3 + -2 - -5?
3
Evaluate -6 + (2 - (-4 - -2)) + 5.
3
What is the value of (12 - 13) + 4 + (-1 - 1)?
1
Calculate -7 - -11 - (12 - 0).
-8
Calculate -4 - (-4 + 6 + 0 + -2).
-4
What is -8 + 4 + -2 + -1 + 6?
-1
Calculate -5 + (3 + -4 - 1 - -1).
-6
Evaluate 1 + (-4 - (-5 + 4)).
-2
Evaluate (2 - 12) + (-2 - -7).
-5
Calculate -3 + (1 - (0 + -1 - 2)).
1
Calculate 7 + (0 - (6 + 1)) - 1.
-1
Calculate 7 - -3 - (-11 + 18).
3
What is the value of -2 - 1 - (46 + -40)?
-9
Calculate 0 + (5 - -1) + -2 + -5.
-1
Calculate -2 + 1 + 2 - -4.
5
What is -7 + 1 + (9 - (-3 + -1))?
7
What is 0 + -9 + (146 - 137)?
0
What is 9 + (-2 - 18) - -6?
-5
Evaluate -4 + 12 - 6 - -1.
3
Evaluate (4 - (-1 + 2 + 2)) + 6.
7
What is the value of 1 - (1 + 0) - -1?
1
What is (-8 - 6) + 22 + (-15 - 1)?
-8
What is 7 - (2 - 3 - (-7 + 2))?
3
Evaluate -6 - -14 - (-4 + 3).
9
What is 9 + -4 + -1 - (1 - 0)?
3
Calculate (3 - (2 - 3 - 4)) + -4.
4
(1 + 4 + -3 - 1) + 2
3
What is 8 + -8 - (-2 + 1 + 5)?
-4
What is the value of 10 + -4 + 10 + -6?
10
What is the value of 7 + -4 - (-7 - -8)?
2
Calculate -8 - -2 - ((-6 - 3) + 2).
1
-1 + -4 + (200 - 186)
9
Calculate 6 - 14 - 0 - -4 - -4.
0
Calculate -3 + 7 - (0 + 0 + 2).
2
56 + -69 - (0 + -9 + 2)
-6
What is (-1 - 8) + 21 + -18 + 13?
7
Calculate 0 + 9 + -4 + 1.
6
What is -18 - -21 - (0 + 2) - 5?
-4
Evaluate (-11 - -8 - -9) + (-11 - 2).
-7
What is (2 - -3 - 5) + 1 + 1?
2
(-3 - (-3 + 1)) + -5
-6
Evaluate (2 + (0 - -1) - 0) + -4.
-1
What is 5 + 2 - (-1 + 8)?
0
(-7 - (14 - 10)) + 18
7
Calculate 3 + (1 - 3) - -1.
2
Evaluate 0 - (1 - -1) - (-5 - -6).
-3
Calculate -11 - -23 - (0 - -11).
1
What is the value of -3 - (8 - (-4 - -16))?
1
What is -9 - ((-1 - 1) + -2)?
-5
Evaluate (-8 - -11) + 2 + -1 + 3.
7
What is -3 - ((9 - 7) + -7) - 0?
2
(1 - (1 - 1))